s of b(n)?
2, 3
Let z be (-1)/(63/33 + -2). Let j = 40 - z. List the prime factors of j.
29
Let k(y) = 48*y - 62. What are the prime factors of k(12)?
2, 257
Let i(a) = -94*a**2 + a - 2. Let l be i(1). Let c = l + 147. List the prime factors of c.
2, 13
Let f(t) = 2*t**3 - 10*t**2 + 51. List the prime factors of f(9).
3, 233
Let c = -435 - -822. What are the prime factors of c?
3, 43
Let q be (-27)/(-6)*(-16)/12. Let m be 2/q*(13 + -61). What are the prime factors of ((-42)/24)/((-2)/m)?
2, 7
Let y(v) = -84*v + 264. List the prime factors of y(3).
2, 3
Suppose -2*c = -4*p - 442, 3*c + 1105 = 8*c - p. List the prime factors of c.
13, 17
Suppose -26*i - 21766 + 88846 = 0. List the prime factors of i.
2, 3, 5, 43
Suppose u = -2, -2034 - 1077 = -q + 2*u. What are the prime factors of q?
13, 239
Suppose -3*w + 9 = g - 20, 25 = 5*w - 3*g. Let x(h) = h**3 - 8*h**2 - 2*h + 13. Let t be x(w). What are the prime factors of (2/t)/((-8)/108)?
3
Let h be 18/8 - (-42)/56. Suppose 8 = -h*q - 4, 64 = -3*u - q. List the prime factors of (30/u)/(1/(-6)).
3
Suppose -9*x + 16 + 20 = 0. Suppose -4*d + 2*i + 524 = 0, -x*i + 2 + 6 = 0. List the prime factors of d.
2, 3, 11
Let q(x) = -2*x - 15. Let b be ((-9)/(-27))/(2/(-66)). List the prime factors of q(b).
7
Let c = 9 - 16. Let y = c + 12. Suppose -3*a + 59 = -2*o - 2*o, 5*a + y*o - 75 = 0. What are the prime factors of a?
17
Let c be ((-13970)/(-66))/((-2)/(-6)). Let j = 895 - c. List the prime factors of j.
2, 5, 13
Let b be -6 + 2 + 8 + 37. Let d = b + -6. List the prime factors of d.
5, 7
Let l(p) = 7*p**2 - 3*p - 16. Let b be l(-6). Suppose 4*j - 2*c = j + b, 0 = -3*j - c + 269. What are the prime factors of j?
2, 11
Suppose 2*i = -4*n + 12, -4*n + 9*n = 2*i + 6. Suppose n*q - 12 = 5*q. List the prime factors of (124/(-8))/(2/q).
31
Suppose 8755 = 14*p - 2473. List the prime factors of p.
2, 401
Let i(w) = -w**2 - 3*w + 10. Let x be i(7). Suppose 3*g + 1 = -2. What are the prime factors of (-1)/(g + x/(-62))?
31
Suppose -12 = u - 6. Let d(a) = -15*a + 31. What are the prime factors of d(u)?
11
Let v = -34 - -40. What are the prime factors of (106/6)/(2/v)?
53
Let u(s) = 12*s. Let f = 14 - 14. Suppose f = -0*x + x - 1. List the prime factors of u(x).
2, 3
Let s(o) = -17*o**3 + 6*o**2 + 43*o - 2. List the prime factors of s(-6).
2, 907
Let o = 15 - 10. Suppose 352 = 3*v - n + 96, o*n = -v + 80. List the prime factors of v.
5, 17
Let o = 88 + -92. List the prime factors of -2*(6/o)/(-3) + 277.
2, 3, 23
Let z(i) = 7*i**3 - 6*i**2 - 5*i - 17. What are the prime factors of z(6)?
1249
Suppose 0 = 4*f - 4*h - 16, 4*h = 3*f - 5 - 5. Let j(l) = 3*l**2 + 4*l - 2. What are the prime factors of j(f)?
2, 5, 13
Suppose 0*q + 3*t - 18 = -4*q, 20 = 5*q + 5*t. What are the prime factors of ((-56)/q)/(-7) + 1702/6?
3, 5, 19
Let z(m) = 98*m - 7. List the prime factors of z(24).
5, 7, 67
Suppose 33 = -5*o + 5*n + 128, -2*o = 5*n - 10. Let z(u) = 2*u - 4. Let p be z(3). Suppose -m + p*m = o. What are the prime factors of m?
3, 5
List the prime factors of (-50 - -96) + 1 + 1.
2, 3
Let k(w) = w**3 + 11*w**2 + 11*w - 6. Let j be k(-8). Let y = j - 34. What are the prime factors of y?
2
Let c(j) = -3*j**3 - j**2 + 5*j + 5. Let f be c(-2). Let k(z) = 2 + 8*z - z - f. What are the prime factors of k(7)?
2, 3
Let w(q) = 6*q + 8. List the prime factors of w(3).
2, 13
Suppose -4*n + 9693 + 6010 = -r, -5*r = 5*n - 19635. What are the prime factors of 1/3 - n/(-39)?
101
Let n be (-44)/55*(-5)/2. Suppose -4*w + 15 = -2*w + 3*r, -4*r = -w + 13. List the prime factors of w*n/24*104.
2, 3, 13
Suppose 6*y + 2359 - 15517 = 0. List the prime factors of y.
3, 17, 43
Let u be (-2 - -1)/(3/(-12)*1). Suppose -2*j = q - 3*q - 130, -4*q - u = 0. What are the prime factors of j?
2
Suppose 0 = 2*x - 3*u - 15, -2*x = 3*x - 2*u - 10. Suppose -4*r + 0*r + 60 = x. List the prime factors of (-90)/(-25) - (-6)/r.
2
Let h be (-282)/(-4) + (-2)/4. Let o = 128 - h. What are the prime factors of o?
2, 29
Suppose 5*k - 1279 = 6*f - 2*f, k + 3*f - 252 = 0. What are the prime factors of k?
3, 5, 17
Suppose 0 = -5*l + 5*u + 5195, -5*l + l - u = -4151. Let n = l - 1803. What are the prime factors of 1/(-6) + n/(-54)?
2, 7
Let u = 12 - 7. Suppose -2*j + 5123 = 4911. Suppose -7*g = -2*g - 2*c - j, -u*c = 3*g - 76. What are the prime factors of g?
2, 11
Suppose 4*p - 988 = -2*a - 2*a, -3*p = 2*a - 497. Let t = a + -167. List the prime factors of t.
7, 11
What are the prime factors of (-72747)/(-118) + 7/(-2)?
613
Let k be (-4)/(((-1)/(-5))/((-6)/(-30))). What are the prime factors of 292/k*(3 + -4)?
73
Let m(p) = -4*p + 2. Suppose -3*o - 10 = -1. Let g be m(o). Suppose -a - g = -4*w, 0 = w - 4*a + 4. List the prime factors of w.
2
Let i(l) = l**2 - 3. Let p = -34 + 44. What are the prime factors of i(p)?
97
Let h(r) = 7*r**2 + 5*r + 16. Let w be h(-4). Let a = 153 - w. What are the prime factors of a?
3, 5
Let k be -1*(0/2)/(-4). Let a = 88 + k. Suppose -5*t - 3 = -a. List the prime factors of t.
17
Let n be (4/(-4))/(1/(-4)). Suppose n*g - 10 = g - 5*r, -r - 4 = 0. List the prime factors of g.
2, 5
Let w(n) = n**2 + 11*n + 975. What are the prime factors of w(0)?
3, 5, 13
List the prime factors of (0 - (7 + 166))/(3/(-12)).
2, 173
What are the prime factors of ((-639)/6)/((45/(-20))/3)?
2, 71
Let l = 150 + -107. Let x = l - 9. List the prime factors of x.
2, 17
Suppose -43*q + 11712 = -19*q. What are the prime factors of q?
2, 61
Let h = 13 - 23. Let o be ((-38)/h + -3)*5. Suppose -4*f = 5*x - f - 149, o*f = -8. What are the prime factors of x?
31
Let c = -379 + 619. What are the prime factors of c?
2, 3, 5
Let j(t) = 35*t**3 + t**2 + 4*t - 5. List the prime factors of j(2).
7, 41
Let a(g) = -g**2 + 5*g + 2. Let o be a(5). Suppose -o*x + 10 = 0, -3*r = 2*r + 5*x - 10. Let i(k) = -k**3 - k**2 + 2. List the prime factors of i(r).
2, 5
Suppose -3*i - 8 - 12 = -5*v, -4*v = -5*i - 29. Let a(s) = s**3 + 6*s**2 + 2*s + 1. Let m be a(-6). Let n = i - m. List the prime factors of n.
2, 3
Suppose -3*n + 5*r = -2*n - 905, -r = -4. What are the prime factors of n?
5, 37
Suppose -7 = -3*z + f + 9, -5*z + f + 28 = 0. Suppose 2*p - 147 = -5*q, -3*q = -2*p + z*p - 329. What are the prime factors of p?
2, 43
Let t be (-152)/6 + 3/9. List the prime factors of 676/10 + (-10)/t.
2, 17
List the prime factors of (-90)/(-54)*20346/10.
3391
Let m be (-3 + -5)*(1 - (-9)/(-6)). What are the prime factors of 43/2 + (-2)/m?
3, 7
Let y(m) = -m**2 + 4*m - 1. Let g = 5 - 2. Let a be y(g). Suppose -2*x - 3*l = -0 + a, 4*x - 3*l = 14. List the prime factors of x.
2
Let s be 0/(-2*(0 + 1)). Suppose s = 3*l - 3*b, -2*l - 2*b = -l - 9. Suppose 0 = -q + l*q - 78. List the prime factors of q.
3, 13
Suppose 2*s - 24 + 14 = 0. Suppose -5*w + 890 = s*k, -w + 166 = -0*w - 2*k. What are the prime factors of w?
2, 3, 29
Let c = 16 + -13. Suppose 0 = 2*b - c*b + 102. What are the prime factors of b?
2, 3, 17
Let s(g) = 3*g + 44. Let h = 48 - 48. List the prime factors of s(h).
2, 11
Let l be ((-4)/8)/((-1)/(-22)). List the prime factors of (14/(-4))/(l/198).
3, 7
Let u(k) = 11*k - 1. Let h(m) = 1. Let j(w) = -3*h(w) + u(w). List the prime factors of j(3).
29
Let k = 48 + -49. What are the prime factors of (-12 + -7)/(k/3)?
3, 19
Let m = 17 - -38. Suppose 0 = -2*a + 7*a - m. Let p = 19 - a. What are the prime factors of p?
2
Suppose 0*a - a = -5*y + 79, y = -2*a + 7. Suppose y + 91 = 2*k. List the prime factors of k.
53
Suppose -65*d + 58*d = -20314. What are the prime factors of d?
2, 1451
Suppose 110 = 5*a - 130. Let h = a - 22. What are the prime factors of h?
2, 13
List the prime factors of (-4 + (-3405)/20)*-4.
17, 41
Let h(x) be the first derivative of -x**4/4 + 7*x**3/3 - 2*x**2 + 4*x + 349. Suppose -3*p + 20 = 2. What are the prime factors of h(p)?
2
Let a = -602 - -1530. List the prime factors of a.
2, 29
Let b(y) = 7*y**3 - 3*y**2 - 4*y + 4. Let d(w) = -20*w**3 + 8*w**2 + 11*w - 11. Let k(r) = -8*b(r) - 3*d(r). Let n = 31 + -29. List the prime factors of k(n).
31
Suppose 5*q + 20 + 30 = 0. Let m(h) = 23*h + h**2 - 14*h - 3 + 18. List the prime factors of m(q).
5
Let f(x) = 90*x**3 + 7*x + x**2 + 3*x**2 - 105*x**3. List the prime factors of f(-2).
2, 61
Suppose -2*s + 2*a = -1526, 2*a - 23 = 3*s - 2311. 